{"version":"1.0","provider_name":"Association Fran\u00e7aise Ataxie de Friedreich","provider_url":"https:\/\/www.afaf.asso.fr","author_name":"Julie Degeorges","author_url":"https:\/\/www.afaf.asso.fr\/author\/juliedegeorges\/","title":"Psychologues & accompagnement social - Association Fran\u00e7aise Ataxie de Friedreich","type":"rich","width":600,"height":338,"html":"<blockquote class=\"wp-embedded-content\" data-secret=\"87q6yKdVXM\"><a href=\"https:\/\/www.afaf.asso.fr\/nos-services\/psychologues-accompagnement-social\/\">Psychologues &#038; accompagnement social<\/a><\/blockquote><iframe sandbox=\"allow-scripts\" security=\"restricted\" src=\"https:\/\/www.afaf.asso.fr\/nos-services\/psychologues-accompagnement-social\/embed\/#?secret=87q6yKdVXM\" width=\"600\" height=\"338\" title=\"\u00ab\u00a0Psychologues &#038; accompagnement social\u00a0\u00bb &#8212; Association Fran\u00e7aise Ataxie de Friedreich\" data-secret=\"87q6yKdVXM\" frameborder=\"0\" marginwidth=\"0\" marginheight=\"0\" scrolling=\"no\" class=\"wp-embedded-content\"><\/iframe><script>\n\/*! This file is auto-generated *\/\n!function(d,l){\"use strict\";l.querySelector&&d.addEventListener&&\"undefined\"!=typeof URL&&(d.wp=d.wp||{},d.wp.receiveEmbedMessage||(d.wp.receiveEmbedMessage=function(e){var t=e.data;if((t||t.secret||t.message||t.value)&&!\/[^a-zA-Z0-9]\/.test(t.secret)){for(var s,r,n,a=l.querySelectorAll('iframe[data-secret=\"'+t.secret+'\"]'),o=l.querySelectorAll('blockquote[data-secret=\"'+t.secret+'\"]'),c=new RegExp(\"^https?:$\",\"i\"),i=0;i<o.length;i++)o[i].style.display=\"none\";for(i=0;i<a.length;i++)s=a[i],e.source===s.contentWindow&&(s.removeAttribute(\"style\"),\"height\"===t.message?(1e3<(r=parseInt(t.value,10))?r=1e3:~~r<200&&(r=200),s.height=r):\"link\"===t.message&&(r=new URL(s.getAttribute(\"src\")),n=new URL(t.value),c.test(n.protocol))&&n.host===r.host&&l.activeElement===s&&(d.top.location.href=t.value))}},d.addEventListener(\"message\",d.wp.receiveEmbedMessage,!1),l.addEventListener(\"DOMContentLoaded\",function(){for(var e,t,s=l.querySelectorAll(\"iframe.wp-embedded-content\"),r=0;r<s.length;r++)(t=(e=s[r]).getAttribute(\"data-secret\"))||(t=Math.random().toString(36).substring(2,12),e.src+=\"#?secret=\"+t,e.setAttribute(\"data-secret\",t)),e.contentWindow.postMessage({message:\"ready\",secret:t},\"*\")},!1)))}(window,document);\n\/\/# sourceURL=https:\/\/www.afaf.asso.fr\/wp-includes\/js\/wp-embed.min.js\n<\/script>\n","description":"L\u2019AFAF propose des services d\u2019\u00e9coute sp\u00e9cialis\u00e9s de soutien psychologique et d\u2019accompagnement social. Retrouvez aussi sur cette page des informations compl\u00e9mentaires et consultez notre rubrique La vie pratique. Services sp\u00e9cialis\u00e9s Soutien psychologique L\u2019association a mis en place un service de soutien psychologique\u00a0joignable par t\u00e9l\u00e9phone ou par mail, pour les personnes touch\u00e9es par la maladie et les [&hellip;]"}

Association Française Ataxie de Friedreich

Psychologues & accompagnement social - Association Française Ataxie de Friedreich

<blockquote class="wp-embedded-content" data-secret="87q6yKdVXM"><a href="https://www.afaf.asso.fr/nos-services/psychologues-accompagnement-social/">Psychologues &#038; accompagnement social</a></blockquote><iframe sandbox="allow-scripts" security="restricted" src="https://www.afaf.asso.fr/nos-services/psychologues-accompagnement-social/embed/#?secret=87q6yKdVXM" width="600" height="338" title="« Psychologues &#038; accompagnement social » &#8212; Association Française Ataxie de Friedreich" data-secret="87q6yKdVXM" frameborder="0" marginwidth="0" marginheight="0" scrolling="no" class="wp-embedded-content"></iframe><script>
/*! This file is auto-generated */
!function(d,l){"use strict";l.querySelector&&d.addEventListener&&"undefined"!=typeof URL&&(d.wp=d.wp||{},d.wp.receiveEmbedMessage||(d.wp.receiveEmbedMessage=function(e){var t=e.data;if((t||t.secret||t.message||t.value)&&!/[^a-zA-Z0-9]/.test(t.secret)){for(var s,r,n,a=l.querySelectorAll('iframe[data-secret="'+t.secret+'"]'),o=l.querySelectorAll('blockquote[data-secret="'+t.secret+'"]'),c=new RegExp("^https?:$","i"),i=0;i<o.length;i++)o[i].style.display="none";for(i=0;i<a.length;i++)s=a[i],e.source===s.contentWindow&&(s.removeAttribute("style"),"height"===t.message?(1e3<(r=parseInt(t.value,10))?r=1e3:~~r<200&&(r=200),s.height=r):"link"===t.message&&(r=new URL(s.getAttribute("src")),n=new URL(t.value),c.test(n.protocol))&&n.host===r.host&&l.activeElement===s&&(d.top.location.href=t.value))}},d.addEventListener("message",d.wp.receiveEmbedMessage,!1),l.addEventListener("DOMContentLoaded",function(){for(var e,t,s=l.querySelectorAll("iframe.wp-embedded-content"),r=0;r<s.length;r++)(t=(e=s[r]).getAttribute("data-secret"))||(t=Math.random().toString(36).substring(2,12),e.src+="#?secret="+t,e.setAttribute("data-secret",t)),e.contentWindow.postMessage({message:"ready",secret:t},"*")},!1)))}(window,document);
//# sourceURL=https://www.afaf.asso.fr/wp-includes/js/wp-embed.min.js
</script>

L’AFAF propose des services d’écoute spécialisés de soutien psychologique et d’accompagnement social. Retrouvez aussi sur cette page des informations complémentaires et consultez notre rubrique La vie pratique. Services spécialisés Soutien psychologique L’association a mis en place un service de soutien psychologique joignable par téléphone ou par mail, pour les personnes touchées par la maladie et les [&hellip;]
