{"version":"1.0","provider_name":"Association Fran\u00e7aise Ataxie de Friedreich","provider_url":"https:\/\/www.afaf.asso.fr","author_name":"Caroline Gaboriau","author_url":"https:\/\/www.afaf.asso.fr\/author\/caroline_gaboriau\/","title":"Save The Date : dimanche 22 septembre 2024 - Association Fran\u00e7aise Ataxie de Friedreich","type":"rich","width":600,"height":338,"html":"<blockquote class=\"wp-embedded-content\" data-secret=\"sjHI8gmC3S\"><a href=\"https:\/\/www.afaf.asso.fr\/2024\/05\/11\/save-the-date-dimanche-22-septembre-2024\/\">Save The Date : dimanche 22 septembre 2024<\/a><\/blockquote><iframe sandbox=\"allow-scripts\" security=\"restricted\" src=\"https:\/\/www.afaf.asso.fr\/2024\/05\/11\/save-the-date-dimanche-22-septembre-2024\/embed\/#?secret=sjHI8gmC3S\" width=\"600\" height=\"338\" title=\"\u00ab\u00a0Save The Date : dimanche 22 septembre 2024\u00a0\u00bb &#8212; Association Fran\u00e7aise Ataxie de Friedreich\" data-secret=\"sjHI8gmC3S\" frameborder=\"0\" marginwidth=\"0\" marginheight=\"0\" scrolling=\"no\" class=\"wp-embedded-content\"><\/iframe><script>\n\/*! This file is auto-generated *\/\n!function(d,l){\"use strict\";l.querySelector&&d.addEventListener&&\"undefined\"!=typeof URL&&(d.wp=d.wp||{},d.wp.receiveEmbedMessage||(d.wp.receiveEmbedMessage=function(e){var t=e.data;if((t||t.secret||t.message||t.value)&&!\/[^a-zA-Z0-9]\/.test(t.secret)){for(var s,r,n,a=l.querySelectorAll('iframe[data-secret=\"'+t.secret+'\"]'),o=l.querySelectorAll('blockquote[data-secret=\"'+t.secret+'\"]'),c=new RegExp(\"^https?:$\",\"i\"),i=0;i<o.length;i++)o[i].style.display=\"none\";for(i=0;i<a.length;i++)s=a[i],e.source===s.contentWindow&&(s.removeAttribute(\"style\"),\"height\"===t.message?(1e3<(r=parseInt(t.value,10))?r=1e3:~~r<200&&(r=200),s.height=r):\"link\"===t.message&&(r=new URL(s.getAttribute(\"src\")),n=new URL(t.value),c.test(n.protocol))&&n.host===r.host&&l.activeElement===s&&(d.top.location.href=t.value))}},d.addEventListener(\"message\",d.wp.receiveEmbedMessage,!1),l.addEventListener(\"DOMContentLoaded\",function(){for(var e,t,s=l.querySelectorAll(\"iframe.wp-embedded-content\"),r=0;r<s.length;r++)(t=(e=s[r]).getAttribute(\"data-secret\"))||(t=Math.random().toString(36).substring(2,12),e.src+=\"#?secret=\"+t,e.setAttribute(\"data-secret\",t)),e.contentWindow.postMessage({message:\"ready\",secret:t},\"*\")},!1)))}(window,document);\n\/\/# sourceURL=https:\/\/www.afaf.asso.fr\/wp-includes\/js\/wp-embed.min.js\n<\/script>\n","thumbnail_url":"https:\/\/www.afaf.asso.fr\/wp-content\/uploads\/2024\/05\/les-vallons-de-lespoir.png","thumbnail_width":1772,"thumbnail_height":1140,"description":"Rendez-vous salle des sports Alain Mimoun de Brindas pour une journ\u00e9e caritative autour du sport, de la convivialit\u00e9, du partage, et de la solidarit\u00e9. Organis\u00e9e par un jeune homme atteint de l&#8217;ataxie de Friedreich, cette manifestation a pour objectifs de faire conna\u00eetre la maladie et de r\u00e9colter des fonds pour financer la recherche sur l\u2019ataxie [&hellip;]"}

Association Française Ataxie de Friedreich

Save The Date : dimanche 22 septembre 2024 - Association Française Ataxie de Friedreich

<blockquote class="wp-embedded-content" data-secret="sjHI8gmC3S"><a href="https://www.afaf.asso.fr/2024/05/11/save-the-date-dimanche-22-septembre-2024/">Save The Date : dimanche 22 septembre 2024</a></blockquote><iframe sandbox="allow-scripts" security="restricted" src="https://www.afaf.asso.fr/2024/05/11/save-the-date-dimanche-22-septembre-2024/embed/#?secret=sjHI8gmC3S" width="600" height="338" title="« Save The Date : dimanche 22 septembre 2024 » &#8212; Association Française Ataxie de Friedreich" data-secret="sjHI8gmC3S" frameborder="0" marginwidth="0" marginheight="0" scrolling="no" class="wp-embedded-content"></iframe><script>
/*! This file is auto-generated */
!function(d,l){"use strict";l.querySelector&&d.addEventListener&&"undefined"!=typeof URL&&(d.wp=d.wp||{},d.wp.receiveEmbedMessage||(d.wp.receiveEmbedMessage=function(e){var t=e.data;if((t||t.secret||t.message||t.value)&&!/[^a-zA-Z0-9]/.test(t.secret)){for(var s,r,n,a=l.querySelectorAll('iframe[data-secret="'+t.secret+'"]'),o=l.querySelectorAll('blockquote[data-secret="'+t.secret+'"]'),c=new RegExp("^https?:$","i"),i=0;i<o.length;i++)o[i].style.display="none";for(i=0;i<a.length;i++)s=a[i],e.source===s.contentWindow&&(s.removeAttribute("style"),"height"===t.message?(1e3<(r=parseInt(t.value,10))?r=1e3:~~r<200&&(r=200),s.height=r):"link"===t.message&&(r=new URL(s.getAttribute("src")),n=new URL(t.value),c.test(n.protocol))&&n.host===r.host&&l.activeElement===s&&(d.top.location.href=t.value))}},d.addEventListener("message",d.wp.receiveEmbedMessage,!1),l.addEventListener("DOMContentLoaded",function(){for(var e,t,s=l.querySelectorAll("iframe.wp-embedded-content"),r=0;r<s.length;r++)(t=(e=s[r]).getAttribute("data-secret"))||(t=Math.random().toString(36).substring(2,12),e.src+="#?secret="+t,e.setAttribute("data-secret",t)),e.contentWindow.postMessage({message:"ready",secret:t},"*")},!1)))}(window,document);
//# sourceURL=https://www.afaf.asso.fr/wp-includes/js/wp-embed.min.js
</script>

Rendez-vous salle des sports Alain Mimoun de Brindas pour une journée caritative autour du sport, de la convivialité, du partage, et de la solidarité. Organisée par un jeune homme atteint de l&#8217;ataxie de Friedreich, cette manifestation a pour objectifs de faire connaître la maladie et de récolter des fonds pour financer la recherche sur l’ataxie [&hellip;]
